{"id":448,"date":"2022-09-16T16:01:00","date_gmt":"2022-09-16T14:01:00","guid":{"rendered":"https:\/\/solarbuergergenossenschaft2.benjaminkuerten.de\/?page_id=448"},"modified":"2022-12-19T12:05:24","modified_gmt":"2022-12-19T10:05:24","slug":"warum-eine-genossenschaft","status":"publish","type":"page","link":"https:\/\/www.solarbuergergenossenschaft.de\/index.php\/warum-eine-genossenschaft\/","title":{"rendered":"Warum eine Genossenschaft?"},"content":{"rendered":"\t\t<div data-elementor-type=\"wp-page\" data-elementor-id=\"448\" class=\"elementor elementor-448\">\n\t\t\t\t\t\t<section class=\"elementor-section elementor-top-section elementor-element elementor-element-f8af489 elementor-section-boxed elementor-section-height-default elementor-section-height-default\" data-id=\"f8af489\" data-element_type=\"section\" data-e-type=\"section\">\n\t\t\t\t\t\t<div class=\"elementor-container elementor-column-gap-default\">\n\t\t\t\t\t<div class=\"elementor-column elementor-col-100 elementor-top-column elementor-element elementor-element-4244985\" data-id=\"4244985\" data-element_type=\"column\" data-e-type=\"column\">\n\t\t\t<div class=\"elementor-widget-wrap elementor-element-populated\">\n\t\t\t\t\t\t<div class=\"elementor-element elementor-element-9a8af06 elementor-widget elementor-widget-heading\" data-id=\"9a8af06\" data-element_type=\"widget\" data-e-type=\"widget\" data-widget_type=\"heading.default\">\n\t\t\t\t<div class=\"elementor-widget-container\">\n\t\t\t\t\t<h2 class=\"elementor-heading-title elementor-size-default\">Warum eine Genossenschaft?<\/h2>\t\t\t\t<\/div>\n\t\t\t\t<\/div>\n\t\t\t\t<div class=\"elementor-element elementor-element-3ce2fc0 elementor-widget elementor-widget-text-editor\" data-id=\"3ce2fc0\" data-element_type=\"widget\" data-e-type=\"widget\" data-widget_type=\"text-editor.default\">\n\t\t\t\t<div class=\"elementor-widget-container\">\n\t\t\t\t\t\t\t\t\t<p>Energiegenossenschaften b\u00fcndeln das Potenzial von vielen Privatpersonen.<br \/><span style=\"font-style: inherit; font-weight: inherit; color: var( --e-global-color-text ); font-family: var( --e-global-typography-text-font-family ), Sans-serif; background-color: var(--ast-global-color-5);\">Das Besondere an\u00a0<\/span><strong style=\"font-style: inherit; color: var( --e-global-color-text ); font-family: var( --e-global-typography-text-font-family ), Sans-serif; background-color: var(--ast-global-color-5);\">Erneuerbaren Energien<\/strong><span style=\"font-style: inherit; font-weight: inherit; color: var( --e-global-color-text ); font-family: var( --e-global-typography-text-font-family ), Sans-serif; background-color: var(--ast-global-color-5);\">\u00a0ist, dass man sie \u00fcberall gewinnen kann.<\/span><\/p><p>Man muss sie nicht suchen, freilegen und ausgraben, dann an einen zentralen Ort bringen, um sie wieder zu verteilen, sondern kann sie\u00a0<strong>unmittelbar dort gewinnen, wo sie gebraucht werden oder in direkter Umgebung<\/strong>.<\/p><p>Wenn wir \u00fcber eine intelligente Energiezukunft nachdenken, ist das ein wesentlicher Aspekt. &#8222;Es muss kein Upstream organisiert werden, wie es in der Erd\u00f6lsprache hei\u00dft, um sie dann wieder im Downstream auf Milliarden Menschen zu verteilen.&#8220;, so formulierte es Hermann Scheer in &#8222;Der energethische Imperativ&#8220;.<\/p><h4>Das ist einer der drei bedeutenden Vorteile der Erneuerbaren Energien, die sich so zusammenfassen lassen:<\/h4><ol><li>Emissionen<br \/>Bei Photovoltaik, Windkraft, Wasserkraft, Solarw\u00e4rme und Geothermie gibt es im Betrieb keine Emissionen, bei nachwachsenden Rohstoffen wird nicht mehr emittiert, als durch das Nachwachsen wieder gebunden wird.<\/li><li>Rohstoffe<br \/>Rohstoffe werden nicht f\u00fcr die Energieerzeugung aufgebraucht. Rohstoffe, die f\u00fcr den Anlagenbau verbraucht werden, werden zu einem immer gr\u00f6\u00dfer werdenden Anteil wiederverwendet.<\/li><li>Verf\u00fcgbarkeit<br \/>\u00dcberall dort, wo Energie ben\u00f6tigt wird, stehen auch Energiequellen zur Verf\u00fcgung.<\/li><\/ol><p>Projekte wie Offshore-Windkraft und Desertec f\u00fchren diesen Nutzen ad absurdum. Sie dienen dazu, das alte System mit Neuen Energien weiterzuf\u00fchren, was nur mit einem unverh\u00e4ltnism\u00e4\u00dfigen Aufwand m\u00f6glich ist.<\/p><p>Die Neuen Energien erm\u00f6glichen aber einen Systemwechsel. Eine einmalige Chance, die wir nicht verpassen d\u00fcrfen. Wir, das sind insbesondere alle Privatpersonen. Denn &#8222;Die treibenden Kr\u00e4fte f\u00fcr den Wandel k\u00f6nnen nur diejenigen sein, die am wenigsten mit der etablierten Energiewirtschaft verflochten sind.&#8220;, so sah das auch Hermann Scheer.<br \/><span style=\"font-style: inherit; font-weight: inherit; color: var( --e-global-color-text ); font-family: var( --e-global-typography-text-font-family ), Sans-serif; background-color: var(--ast-global-color-5);\"><br \/>Energiegenossenschaften b\u00fcndeln das Potenzial von vielen Privatpersonen.<\/span><\/p><p>Die Solar-B\u00fcrger-Genossenschaft setzt sich daher f\u00fcr Projekte ein, die f\u00fcr die Region, in der sie entstehen, einen Nutzen haben. Die Umstellung der Energieversorgung soll durch die Anlagen der Genossenschaft in der jeweiligen Region vorankommen und so zur St\u00e4rkung der regionalen Wirtschaft beitragen.<\/p>\t\t\t\t\t\t\t\t<\/div>\n\t\t\t\t<\/div>\n\t\t\t\t\t<\/div>\n\t\t<\/div>\n\t\t\t\t\t<\/div>\n\t\t<\/section>\n\t\t\t\t<\/div>\n\t\t","protected":false},"excerpt":{"rendered":"<p>Warum eine Genossenschaft? Energiegenossenschaften b\u00fcndeln das Potenzial von vielen Privatpersonen. Das Besondere an&nbsp;Erneuerbaren Energien&nbsp;ist, dass man sie \u00fcberall gewinnen kann. Man muss sie nicht suchen, freilegen und ausgraben, dann an [&hellip;]<\/p>\n","protected":false},"author":1,"featured_media":0,"parent":0,"menu_order":0,"comment_status":"closed","ping_status":"closed","template":"","meta":{"site-sidebar-layout":"no-sidebar","site-content-layout":"page-builder","ast-site-content-layout":"default","site-content-style":"default","site-sidebar-style":"default","ast-global-header-display":"","ast-banner-title-visibility":"","ast-main-header-display":"","ast-hfb-above-header-display":"","ast-hfb-below-header-display":"","ast-hfb-mobile-header-display":"","site-post-title":"disabled","ast-breadcrumbs-content":"","ast-featured-img":"disabled","footer-sml-layout":"","ast-disable-related-posts":"","theme-transparent-header-meta":"","adv-header-id-meta":"","stick-header-meta":"","header-above-stick-meta":"","header-main-stick-meta":"","header-below-stick-meta":"","astra-migrate-meta-layouts":"default","ast-page-background-enabled":"default","ast-page-background-meta":{"desktop":{"background-color":"var(--ast-global-color-4)","background-image":"","background-repeat":"repeat","background-position":"center center","background-size":"auto","background-attachment":"scroll","background-type":"","background-media":"","overlay-type":"","overlay-color":"","overlay-opacity":"","overlay-gradient":""},"tablet":{"background-color":"","background-image":"","background-repeat":"repeat","background-position":"center center","background-size":"auto","background-attachment":"scroll","background-type":"","background-media":"","overlay-type":"","overlay-color":"","overlay-opacity":"","overlay-gradient":""},"mobile":{"background-color":"","background-image":"","background-repeat":"repeat","background-position":"center center","background-size":"auto","background-attachment":"scroll","background-type":"","background-media":"","overlay-type":"","overlay-color":"","overlay-opacity":"","overlay-gradient":""}},"ast-content-background-meta":{"desktop":{"background-color":"var(--ast-global-color-5)","background-image":"","background-repeat":"repeat","background-position":"center center","background-size":"auto","background-attachment":"scroll","background-type":"","background-media":"","overlay-type":"","overlay-color":"","overlay-opacity":"","overlay-gradient":""},"tablet":{"background-color":"var(--ast-global-color-5)","background-image":"","background-repeat":"repeat","background-position":"center center","background-size":"auto","background-attachment":"scroll","background-type":"","background-media":"","overlay-type":"","overlay-color":"","overlay-opacity":"","overlay-gradient":""},"mobile":{"background-color":"var(--ast-global-color-5)","background-image":"","background-repeat":"repeat","background-position":"center center","background-size":"auto","background-attachment":"scroll","background-type":"","background-media":"","overlay-type":"","overlay-color":"","overlay-opacity":"","overlay-gradient":""}},"footnotes":""},"class_list":["post-448","page","type-page","status-publish","hentry"],"_links":{"self":[{"href":"https:\/\/www.solarbuergergenossenschaft.de\/index.php\/wp-json\/wp\/v2\/pages\/448","targetHints":{"allow":["GET"]}}],"collection":[{"href":"https:\/\/www.solarbuergergenossenschaft.de\/index.php\/wp-json\/wp\/v2\/pages"}],"about":[{"href":"https:\/\/www.solarbuergergenossenschaft.de\/index.php\/wp-json\/wp\/v2\/types\/page"}],"author":[{"embeddable":true,"href":"https:\/\/www.solarbuergergenossenschaft.de\/index.php\/wp-json\/wp\/v2\/users\/1"}],"replies":[{"embeddable":true,"href":"https:\/\/www.solarbuergergenossenschaft.de\/index.php\/wp-json\/wp\/v2\/comments?post=448"}],"version-history":[{"count":5,"href":"https:\/\/www.solarbuergergenossenschaft.de\/index.php\/wp-json\/wp\/v2\/pages\/448\/revisions"}],"predecessor-version":[{"id":820,"href":"https:\/\/www.solarbuergergenossenschaft.de\/index.php\/wp-json\/wp\/v2\/pages\/448\/revisions\/820"}],"wp:attachment":[{"href":"https:\/\/www.solarbuergergenossenschaft.de\/index.php\/wp-json\/wp\/v2\/media?parent=448"}],"curies":[{"name":"wp","href":"https:\/\/api.w.org\/{rel}","templated":true}]}}